-5?
-8
10 + (5 - -7) - (4 - -5)
13
Evaluate -21 - -37 - (1 + 0 - (-9 - -9)).
15
Evaluate -22 + 6 - -10 - (-2 - 5) - -9.
10
Calculate -2 - ((-11 - (9 - 16)) + -4).
6
What is the value of 4 - -2 - (-6 + 12 + -17)?
17
What is -11 - ((-14 - 4) + -12)?
19
24 + (15 + -6 - (8 - 1) - 7)
19
Evaluate -15 - (-8 - 14) - 14.
-7
Evaluate -3 + 4 + 14 + (26 - 29).
12
Evaluate 38 - 2 - 48 - -33.
21
-2 + -1 + 1 - (-24 - -13) - -5
14
What is -17 - ((7 - 10) + 7 - 10)?
-11
Calculate 23 + (-17 - (12 + 17 + -33)).
10
Evaluate 30 + (0 + 2 - 3) + -10.
19
What is (-100 - -100) + (1 - 0 - (-2 + 9))?
-6
Calculate -11 - (-11 + 12 + -9).
-3
Evaluate -2 - ((12 - 9) + 4).
-9
Calculate (-138 - -162) + (-2 - 29).
-7
What is the value of (0 + -11 - -26) + 6?
21
Calculate -12 - -2 - (-1 - -1) - (-5264 - -5224).
30
Calculate (5 - -1 - 1) + 10 - 1.
14
21 + -70 - -42 - 28
-35
Calculate -13 + 12 - (-12 + 24).
-13
What is the value of -8 - (14 + -20 + -10) - (11 + 2)?
-5
Calculate 2626 + -2587 + -4 + (1 - 0) + -2.
34
What is (18 - 16) + 22 + -25?
-1
What is -4 - (-2 - (0 + 0)) - (-15 + 30)?
-17
1 + 8 + -3 + 10 + (6 - 11)
11
What is 3 + -3 + 15 + (18 - 15) + -10?
8
What is the value of -9 + 24 + -17 + 1 + 13?
12
What is (2 - -14) + -4 + 2?
14
13 + 11 + -26 - (2 + -17)
13
What is -35 + (-9 - (11 + (-6 - 11)))?
-38
-17 + (23 - 5) + 4 + -1
4
Calculate 1 + -3 + 668 + -683.
-17
Evaluate 7 - (35 + 0 + (91 - 104)).
-15
Calculate 0 + -12 - (-12 + (14 - (-9 - -10))).
-13
6 + 0 - (3 - (-10 - (7 + -6)))
-8
Calculate (0 - 1) + 7 - (33 - (18 - -12)).
3
What is the value of -48 + 41 + 7 + -1 + -3?
-4
What is -4 + 3 - (0 - 5 - (-16 + 11))?
-1
Evaluate 2 - 9 - ((49 - -18) + -52).
-22
Evaluate (-15 + 7 - -1) + (0 - 1).
-8
Evaluate (1 - (7 + -1) - (-12 - -8)) + -3.
-4
Evaluate -3 - (14 + (-25 - -15)).
-7
Calculate (-345 - -374) + 3 + (0 - -1).
33
What is the value of -1 - -8 - (11 + 20 - 0)?
-24
Calculate 128 + -138 - (4 + -35).
21
What is the value of -2 + 48 + (-194 - -163)?
15
Calculate 20 + (-35 - (19 + -28 + -7)).
1
Calculate 2 - -7 - (538 + -520) - (0 - -10).
-19
What is (-2 - -3) + (-19 - (-4 + -8)) + 34?
28
-1 - (6 - (12 - -26))
31
Calculate -5 - -5 - ((11 - 6) + -5 - 13).
13
Calculate -6 + (11 - (0 - (-10 - -4))).
-1
17 - (5 - (0 + 3)) - (-30 + 33)
12
Calculate -5 - (11 - 15 - 16) - -6.
21
Calculate (-35 - -11 - -28) + 1 + 1 + -12.
-6
Calculate 13 - (34 + (-9 - 0)).
-12
Evaluate -78 + 52 + -16 + 2 + 3.
-37
Evaluate (12 + -6 - 3) + -7.
-4
What is -12 - ((-40 - -23) + -1)?
6
What is the value of 45 - 3 - (-88 + 115)?
15
-23 - (9 + 6 + -20)
-18
Calculate (-13 - (-13 + -4)) + (6 - 1) + -4.
5
What is the value of -8 - (9 - 12) - 3?
-8
66 + 5 + -52 - (2 - (-2 - 2))
13
What is the value of 2 + (-3 - (-5 - (-6 + -16 + 4)))?
-14
Calculate (-226 + 228 - (0 - 0 - -5)) + -1.
-4
-19 + 1 + -16 + 30
-4
What is the value of 24 - (39 + (2 - 0))?
-17
What is the value of (-2 + -8 - 2) + (40 - 18)?
10
Calculate -18 + (-17 - -19) + 15.
-1
What is the value of -2 + (-8 + 7 - -8)?
5
(-160 - -146) + 0 + -5
-19
Evaluate (8 - 25) + 8 + 4 + -12.
-17
What is the value of (-2 - 1) + 1 + 5 + -4 + 5?
4
5 + (-1 + (-12 - -19) - -5)
16
What is the value of (-28 - (-14 - 55)) + -40?
1
What is 0 - 2 - (6 + -13 + -2)?
7
27 + -34 + 20 - 18
-5
Calculate -144 + 159 - (1 + 0).
14
Calculate (-19 - 2) + (-508 - -513).
-16
Evaluate (-172 + 96 - -68) + (-7 - 0).
-15
5 + -1 - -2 - 5
1
Calculate -32 - (-64 - -25) - -8.
15
Calculate (2 - (-10 - 2)) + -7.
7
What is 2 + 2 - (0 + 1 - 6)?
9
What is the value of 7 + (32 + -38 + -10 - (-1 - 6))?
-2
Calculate -8 + 5 - ((4 - 8) + 2 + 2).
-3
What is the value of 12 - (-57 - -57 - (-5 - 3))?
4
What is 1 + -15 + 422 + -425?
-17
What is 11 - (-10 + 4 + 18) - (2 - 10)?
7
-12 + (20 - (-9 + 22)) + (31 - -1)
27
Evaluate 8 + (28 - 34) + 0 + 0 + 9.
11
Evaluate (14 - 3 - 5) + (-3 - -4).
7
What is (-2 - 4) + (-7 - -20 - -15)?
22
Evaluate (-3 - (0 - 1 - 6)) + 4 + -17.
-9
-14 - (1 + 0 - (43 - 35)) - -7
0
What is -15 + -3 + 3 + 11?
-4
(-38 - -2 - -68) + -23
9
What is the value of 3 + 1 + -22 + 5 + -4 + 4?
-13
Calculate -48 - (-36 + 20) - 0.
-32
-2 + -4 + (9 - 12) + -9 + 3
-15
What is the value of 1 + 2 + -7 - (80 - (-27 + 91))?
-20
Calculate (-4 - 0 - (0 + -4)) + (-7 - -21).
14
What is the value of 68 + (-4 - 41) + -8?
15
Calculate 30 - (11 - (9 + -6) - 6 - -6).
22
What is 3 + -28 + -4 + (13 - 1)?
-17
What is 3 + (14 + -10 - (3 - -5))?
-1
What is 1 + (11 - -12 - (-1 + 5))?
20
Calculate 25 + 0 + -28 + 5.
2
Evaluate 22 + (-6 - 5) + -5.
6
Calculate 981 + -985 - (26 + 2).
-32
Calculate (47 - 95 - -44) + 1 + -1 + -2.
-6
What is the value of (1 - 16) + (310 - 304)?
-9
What is 16 + -14 + 16 + (-23 - -12)?
7
-1 - -50 - (-716 + 755)
10
Calculate (7 - (2 - 2)) + (71 - 40) + -16.
22
Calculate 5 + -1 + 6 + (9 - (1 + 11)).
7
What is -9 - -8 - ((-5 - -1) + -4) - 4?
3
Evaluate (15 - (19 + -19)) + 3.
18
Calculate (10 + 5 - -12) + -34.
-7
What is (1 - 2) + 7 + 0 - (1795 + -1783)?
-6
4 + -8 + (9 - (-9 - -10))
4
-17 + 5 + 12 - (10 - 1)
-9
What is -5 - (-8 - (3 + -22))?
-16
What is the value of -22 + (-1 - 3) + -116 + 113?
-29
What is -2 + 13 + (157 - 164)?
4
3 + -6 - (-7 + 4 + 11)
-11
What is -8 - ((-17 - -18) + (-2 - -8))?
-15
Calculate -9 + 3 + (-16 - (4 - 13)).
-13
What is 14 + -1 + -19 + (-1 - (1 + -7))?
-1
What is 5 + 9 + 19 + -20?
13
What is -18 - (-38 - (-36 + 9))?
-7
What is the value of 3 - ((-19 + 25 - 27) + 24)?
0
Evaluate 6 + 0 + -11 + (19 - 23).
-9
What is 12 + 0 + 4 + 34 + -27?
23
8 - ((4 - 10 - -1) + 6) - 0
7
3 + 20 + -6 + -2 + -9
6
5 + 5 + (-17 - (-1 + 9) - -5)
-10
-1 + 0 + (-2 - -33) - (-19208 + 19218)
20
Evaluate -1 + 23 + 107 + -123.
6
-935 + 925 - (-2 + 1 - 22)
13
Calculate (0 - (0 + -3)) + (9 - 9).
3
What is the value of (-29 - -2) + (7 - (11 + 2 + -14))?
-19
Evaluate (18 - 11) + -18 + 19.
8
Evaluate (22 + -23 - -8) + 19 + -14.
12
What is 3 + (10 - 4 - -3 - (-7 + 10))?
9
What is the value of 0 - -13 - (-105 - -109)?
9
Evaluate 16 - (11 - 1) - -2.
8
(-1 + -5 - (2 - -7 - 21)) + 0
6
Evaluate -9 - -3 - 3 - (-546 + 549).
-12
Evaluate -8 - (-2 - (3 - -11)).
8
Calculate -3 + -2 + (104 - 105).
-6
8 - 17 - -23 - 12
2
What is (14 - -1 - (-8 + 3)) + -7?
13
Calculate 10 + -3 - (19 - (29 - 20)).
-3
Evaluate (15 - (-1 + (6 - 0))) + -16.
-6
What is -2 - 9 - -15 - -3?
7
1 - 5 - (38 - 21 - 34)
13
Calculate 4 + (-9 - (9 + 1 + -2)).
-13
What is -6 - (-5 - (-3 + 29)) - (6 + 1)?
18
What is the value of -7 + 4 + 15 + -26 - -33?
19
What is the value of (2 - (8 - -2)) + (6 - -6)?
4
Evaluate 18 - (24 + 1 + -20).
13
Evaluate (1 - (3 + (-2 - (-10 - -16)))) + 8.
14
-4 - (-16 + (12 - 9))
9
-224 + 230 - (0 + 12)
-6
(4 - 1) + -1 + -13 + 6 + -6
-11
What is the value of 3 + -5 + (-7 + 1 - (-20 + 1))?
11
What is 17 - 10 - ((-1 - 2) + -1) - -3?
14
Calculate (3 - (3 + 16)) + -6 + 4.
-18
(16 - (6 - -12)) + 15 + -24
-11
128 + -126 + 2 + -3
1
What is (1 - 2) + (5 - 9 - 8) + 10?
-3
What is -1 - (-11 - -1 - (17 + 1 - 28))?
-1
Calculate 0 - 6 - (-25 - -29 - 13) - 2.
1
What is the value of -14 + -1 + (-27 - -11 - -20)?
-11
Calculate -5 + 14 + (-9 - 12).
-12
Calculate -10 + (6 - -4) - 0.
0
33 - (1 + (-3 - (0 - 0)) - -6)
29
What is 21 - (38 + (18 - 57))?
22
Calculate -140 + 129 - (-14 + 2 + 0).
1
(-13 - 3 - -1) + 42 + -41 - -7
-7
2 + -22 + 3 + 3 + -4
-18
Evaluate (5 + -2 - 1) + (-25 + 22 - -8).
7
What is the value of (-1 - (-11 + -6 + 1 + 11)) + -9?
-5
What is (7 - (3 - 0)) + -3 - 0 - 15?
-14
27 + (-29 - -33 - (14 - 1))
18
Calculate (23 - 11) + (-14 + 9 - -12).
19
Calculate (62 - (2 - -60)) + -1 + (15 - 0).
14
What is the value of -18 + 39 + 2 + -17?
6
What is -12 - (-5 - -4) - (-38 + 8)?
19
What is the value of -1 + 0 + -1 + 1 + (-364 - -378)?
13
What is -6 - (-35 + (0 + 10 - 8) + -6)?
33
35 + -20 - 36 - (-2 + (-2 - -4))
-21
What is (-30 - -7) + 42 + -8?
11
Evaluate (-60 - -42) + (17 - -21).
20
Evaluate 10 + -1 + (12 - 34) + -8.
-21
Calculate -5 - (-17 + (13 - -2)).
-3
What is the value of (-3 - (-2 + 0 + -7)) + -7?
-1
Calculate (3 - -12) + 162 + -176.
1
Evaluate -43 + 34 + (-5 - (2 + -4)).
-12
-4 - ((9 - 11) + (-7 - -3))
2
Evaluate -28 - 1 - (-1 + (6 - (17 + -6))).
-23
22 + 9 + (11 - 46)
-4
-50 - (-65 - (3 + -33))
-15
-2 + 9 + (15 + -11 - (18 - -2))
-9
What is the value of 8 - (-3 + 3 + -8 + (4 - -11))?
1
-10 + (16 + -14 - -14)
6
What is the valu